and y.
182
Let i = -153 + 241. Let q be ((-4)/(-6)*-48)/(-2). Calculate the highest common factor of q and i.
8
Let y = 65465 - 44610. Calculate the highest common factor of 215 and y.
215
Let s(c) = 86*c**2 + 42*c + 152. Let d be s(8). What is the highest common factor of d and 84?
28
Let m(a) = a**3 + 15*a**2 + 70*a - 8. Let s be m(-8). Suppose 0 = 4*l - 5*l + 9620. Let n be (-2)/12 - l/s. Calculate the highest common divisor of n and 20.
20
Let q be 2/8 - 10*(-6)/16. Suppose q*h = -5*d + h + 578, 0 = 5*d + 2*h - 577. What is the highest common factor of 46 and d?
23
Let t(d) = d**3 - 6*d**2 + d + 4. Let f be t(6). Let w = 66978 + -66248. Calculate the greatest common divisor of f and w.
10
Suppose 125 = 3*z - 295. Suppose 4*i + z = 9*i. Calculate the greatest common divisor of i and 8.
4
Let w = -40 - -56. Suppose -2*i = 2*g - w, 5*i + 3*g - 42 = -g. Let z be i/(-4)*(-36)/45. Calculate the greatest common divisor of z and 50.
2
Let g be 36/10 - (6/10 + -1). Suppose 5*j + 1 = g*o - 0*j, -o = j - 7. Suppose k - 47 = -2*n, 10 = 2*k - o*k. What is the highest common divisor of n and 65?
13
Let d(g) = -g**2 - 30*g + 199. Let o be d(-32). What is the highest common factor of 432 and o?
27
Let n = -14999 - -15061. What is the highest common factor of 1922 and n?
62
Let v be 225/50 - (-22167)/6. What is the highest common divisor of v and 137?
137
Let d(p) = 3*p - 32 + 9 + 17. Let q be d(4). Suppose 0 = q*o - 3*o - 9. What is the highest common factor of 15 and o?
3
Suppose 0 = 4*q - 743*i + 742*i - 16, 4*q - 40 = 4*i. Calculate the greatest common factor of q and 5396.
2
Suppose 5*t + 5 = 15. Let q(z) = -5*z**3 + 202*z**2 - 81*z + 122. Let s be q(40). What is the greatest common factor of t and s?
2
Let v(c) = -c**2 - 3*c + 4. Let n be v(-4). Suppose -3*j + 3*f = n, 4*j + 2*f - 15 - 3 = 0. What is the highest common divisor of j and 15?
3
Let i be (304/(-20) - -2)/((-1)/5). Suppose -11*z + 0*z + 44 = 0. Let a = 37 - z. What is the highest common factor of a and i?
33
Suppose -21*g + 28232 = -3079. Calculate the greatest common divisor of 84 and g.
21
Suppose f - 4*f = -660. Suppose -69*p + 3241 = 481. Calculate the highest common factor of f and p.
20
Let c be (2 + -1)*20/4. Suppose -c*b + 0*v + 2*v + 48 = 0, -4*v = 4*b - 44. Let d = 272 - 222. What is the highest common factor of d and b?
10
Suppose -13*l = -12*l - 199. Suppose 14*z - l - 221 = 0. Calculate the greatest common factor of z and 210.
30
Let o be -9 + 174 + -5 + -7. Calculate the greatest common divisor of 272 and o.
17
Let s(c) = 288*c + 3016. Let t be s(-9). Calculate the greatest common divisor of 2809 and t.
53
Let r(m) = 2*m**2 - 33*m + 273. Let q be r(19). Calculate the highest common divisor of 138 and q.
46
Let k(z) = z**2 - 10*z + 17. Let f be k(6). Let l(h) = h + 15. Let c be l(f). Calculate the highest common divisor of c and 296.
8
Let z = -2525 + 1795. Let g = z - -747. What is the highest common factor of g and 2?
1
Let p = -11165 - -12865. Calculate the highest common divisor of 600 and p.
100
Let x be (444/370)/((-3)/(-10)). Suppose 4*i - b = 120, -x*i - 4*b + 130 = -10. Calculate the highest common divisor of 124 and i.
31
Let n be (-7)/((-42)/(-48))*1/(-4). Suppose -n*l = -107 + 89. Let z = -4 + 13. Calculate the greatest common divisor of l and z.
9
Let k be (1 - -54)/(16/32). Suppose 0 = 30*t - 25*t - 50. What is the highest common factor of k and t?
10
Let k = -175 - -178. Suppose 2*b + 534 = k*m, -m + 96 + 77 = b. What is the highest common factor of m and 2?
2
Let i = 185 - 184. Let t be ((-10)/(2 - i))/((-4)/48). What is the highest common divisor of 15 and t?
15
Suppose 231 = -84*i + 1192 + 1055. Calculate the greatest common factor of i and 27372.
12
Let j be 0 - ((-15 + 10)*26 + 12/(-3)). What is the highest common factor of 1675 and j?
67
Let x = 1693 + -1642. Calculate the highest common factor of x and 323.
17
Let h be (196/8)/7*(-4)/(-1). Suppose i - 23 = -o - 3*o, 5*i - 2*o = 27. Calculate the highest common divisor of h and i.
7
Let c(a) = a**2 + 19*a + 97. Let g be c(-12). Suppose -4 = -4*j, 2*o + 4*j - g = 15. Calculate the greatest common factor of 16 and o.
4
Let b(v) = v**3 + 19*v**2 + v + 22. Let t be b(-19). Let m be (-744)/(-168) - t/7. What is the highest common factor of 4 and m?
4
Suppose -3506 = -l - 9*h, -21*l + 20*l = -2*h - 3473. Calculate the highest common factor of l and 147.
49
Suppose 5*p - 3*l = 2199, -2*p - 2*l = p - 1327. Let t = p + -426. What is the highest common factor of 51 and t?
3
Let d = 4783 - 4766. Calculate the highest common divisor of d and 1241.
17
Let u = -94 + 84. Let l be (924/(-110))/(4/u). Suppose 5*v - 31 = 4*m, 2*v + 4*m - 1 + 11 = 0. Calculate the greatest common factor of v and l.
3
Let s = -2075 - -2121. Calculate the greatest common factor of 38 and s.
2
Suppose -11*j = -9*j - 240. Suppose -4*i + j = -i. Let m(l) = 7*l - 39. Let p be m(17). Calculate the greatest common factor of i and p.
40
Suppose 896*f - 2*s - 2430 = 891*f, -4*s - 486 = -f. What is the greatest common factor of f and 1377?
81
Suppose -459*u - 28 = -463*u. Let c(r) = r**3 - 6*r**2 - 11*r + 45. Let t be c(u). Calculate the greatest common factor of t and 527.
17
Let m be (24/(-5))/((-42)/315). Let b = -2 + 45. Let k = b + -19. What is the greatest common factor of m and k?
12
Suppose -5*b + 2*t + 152 = t, 4*t = 5*b - 143. Suppose 0 = -36*d - 6*d + 2604. Calculate the greatest common factor of d and b.
31
Let k = 3705 - 3684. Calculate the highest common factor of 308 and k.
7
Suppose -8*d - 32 = -224. Let m be 308/(-6)*(-36)/d. What is the highest common divisor of m and 11?
11
Suppose -5142 = 152*m - 67006. Let u(x) = 33*x**2. Let c be u(-1). What is the highest common factor of m and c?
11
Suppose 0*x - 5*x + 25050 = 5*x. Calculate the greatest common factor of x and 60.
15
Suppose 4*w + w - 210 = 0. Let y = 140 + -17. Suppose 125 = 4*f + j - y, 5*f - 4*j - 331 = 0. Calculate the greatest common factor of f and w.
21
Let f = 156 - 152. Let c be f/(-5) + (-1584)/(-80). What is the highest common factor of 38 and c?
19
Suppose -3*a = -3*l + 207, -5*a + 4877 = l + 4778. What is the highest common divisor of l and 9472?
74
Suppose 4*v - 383 = l, 3*l + 2*v + 1170 = 7*v. Let s = l - -755. Let m be 40 + -2 - (-6)/3. What is the highest common factor of m and s?
40
Let t = 2842 - 2722. Calculate the highest common factor of 2360 and t.
40
Suppose 2*p - 2*f + 0*f = 2, f = -5*p - 19. Let w be p - (4 - (8 + 3)). Suppose 0 = w*c - 9*c + 190. What is the greatest common factor of 57 and c?
19
Let o(w) = -7*w**2 + 687*w - 88. Let h be o(96). Calculate the greatest common factor of 91 and h.
13
Let b(x) = 205*x + 1651. Let p be b(-8). Calculate the greatest common factor of p and 869.
11
Let f be (-2 + 3)*-2 + (71 - -35). Calculate the highest common divisor of f and 144.
8
Suppose 3*g - 7*g - 32 = -2*a, a = -3*g - 19. Let j be 8/(-14) + (-5107)/g. Let n = j - 456. What is the greatest common factor of n and 39?
39
Suppose 3*k + 84 = -3*k. Let z be (-12)/21 - (-202)/k. Let s be 968/55 + (-6)/z. What is the highest common divisor of 90 and s?
18
Let p(i) = i. Let y(b) = 18*b + 6. Let t(q) = 14*p(q) - 2*y(q). Let z be t(-4). Calculate the highest common factor of 114 and z.
38
Let v(q) = q**2 + 45*q + 391. Let g be v(-34). What is the highest common factor of 612 and g?
17
Suppose -n - 5 = 0, -k + 3270*n = 3267*n - 132. What is the greatest common divisor of 9321 and k?
39
Let m be (24/(-24))/((-17)/66929). Calculate the greatest common divisor of m and 635.
127
Let n(j) = j**2 + 10*j - 488. Let y be n(20). What is the greatest common divisor of 512 and y?
16
Suppose 167 = n - j, -2*n - j = -4*j - 336. Let a be ((-48)/40)/(328/n + -2). Suppose a = 4*l + 35. What is the highest common divisor of 144 and l?
16
Let a = -2683 + 2863. What is the highest common divisor of a and 60?
60
Suppose 2*f = -2*b - 516, 5*b + 0*b + 2*f = -1299. Let j be (-1 - -174)/((-4)/(0 + 4)). Let i = j - b. What is the highest common divisor of i and 11?
11
Let l = -4417 + 6187. What is the greatest common factor of 6 and l?
6
Let v = 3692 + -3678. Calculate the highest common divisor of v and 34.
2
Let q = 6476 - 6308. Calculate the greatest common divisor of 3228 and q.
